 17.
-20
Calculate 8 + 0 + -98 + 97 + -4.
3
30 + -5 - 27 - (-14 - 0)
12
What is -10 + (16 + -4 + -6 - 8)?
-12
(-6 - -11) + -23 + 25 + -22 + -1
-16
Calculate 2 - (5 + -5) - (-9 - (3 - 2)).
12
What is the value of 17 + (-9 - -2) + -6 + (7 - -12)?
23
What is the value of 5 + 14 + (-42 - -18) + 12?
7
Calculate 5 - (8 + (-29 - -20)).
6
18 - (-11 - (6 + -6 + 8 + -11))
26
What is (-7 - 1) + 0 + 7 + -1 + 3?
1
Calculate (-12 - 5) + -13 + 4 + 5.
-21
Calculate 3 - (-14 + (7 - (13 + -5))).
18
-11 + (-16 - -1 - -31)
5
What is the value of -12 + -6 + (3 - -2) + 1?
-12
Evaluate -1 + (4 - (4 - -5)).
-6
7 + -17 - 13 - -1
-22
What is the value of (-9 - 4) + -11 + 10 + 32?
18
Calculate 24 - ((-12 - (-38 + 17)) + (1 - 12)).
26
What is (-25 + 13 - -14) + (-5 - 1)?
-4
What is the value of 9 - (30 + -19) - ((-2 - -4) + 1)?
-5
Calculate -1 - 3 - (-15 + -19 + 61).
-31
Evaluate 19 - (-18 + 19 + 6 + (1 - 1)).
12
2 + 6 - (-48 - -28)
28
Calculate (-1 - (1 - -23)) + 1105 + -1093.
-13
Evaluate 14 + (-8 - (20 + -1)).
-13
(3 - -2) + -5 + 8 + -5 + 4
7
What is the value of 2 + 6 + 8 + -3 - (17 + -15)?
11
What is the value of (-7 + -8 - -15) + 2 + -13?
-11
What is the value of 14 - (19 - (-1 + 4)) - 27?
-29
Calculate -9 - (-64 + 14 + (-4 - -8) + 7).
30
(-6 + 3 - 2) + -3
-8
-14 - 3 - (26 + -32)
-11
-17 - -16 - (13 + 8 + -5)
-17
Evaluate -2 - ((9 - (18 + -11)) + 0 + -5).
1
What is the value of -11 + 6 + 0 - ((-4 - -1) + 3)?
-5
(-2188 - -2205) + (-1 - (1 - -19))
-4
Evaluate 5 + -9 - (-8 + 1) - -9.
12
(-10 - (3 - 4)) + 14
5
What is 13 - 1 - (41 - (55 - 18))?
8
What is the value of 1 + -17 + -203 + 221?
2
Evaluate 2 - (0 - (2 + (-10 - 2) + 6)).
-2
What is the value of 18 + 2 + -2 + 1 + (1593 - 1598)?
14
2 - (-9 + -3 + 0 + 11 + 9)
-6
5 - 0 - (-16 + 7 - (-26 - -4))
-8
(4 + -8 - -6) + (26 - 9 - 11)
8
Evaluate 0 + (15 + -18 - -5).
2
Evaluate 6 + -1 + -6 + 2 + 6 + -2.
5
What is the value of -14 - -1 - (215 - 215)?
-13
What is 1 - -2 - ((-112 - -54) + 99)?
-38
What is 0 + 0 - ((5 - -2) + -5)?
-2
What is the value of (-9 + 10 - 2) + -11?
-12
Calculate 19 + -3 + 0 - 11.
5
What is the value of -3 - (5 + 5 + (11 - 6) + -27)?
9
Evaluate (15 - (12 + 9)) + (1 - (1 - -4)).
-10
Calculate 6 + (11 + -8 + -16 - (15 + -15)).
-7
Evaluate (-74 - -102) + (-1 + -3 - 7).
17
Calculate -11 + -11 + -1 + 24.
1
-1 + -1 + 9 - (-417 + 417)
7
5 + (-13 - (6 + (0 - 7) + 4))
-11
What is the value of -2 + -5 - (-8 + 0 + (24 - 19))?
-4
15 - ((50 - -2) + -20)
-17
Evaluate (-1 - 0) + 0 + (25 - 43) + 10.
-9
Evaluate (10 - 7) + -1 + 12 + 25 + -12.
27
-2 + (36 - (-20 - -39))
15
Calculate 11 + 8 + -43 - (-1 + -9).
-14
Evaluate 5 - (7 - ((-8 - -5) + -2)).
-7
What is 11 + -21 + 10 + (-16 - -3)?
-13
Evaluate -11 + -5 - (-10 + 17 - -9).
-32
What is (-6 - (3 + (-21 - (-2 - 5)))) + 1?
6
What is the value of 13 - -1 - (9 - (-2 - -6) - 2)?
11
What is the value of 16 - (-30 - -18 - 9 - -11)?
26
Calculate (104 + -119 + (4 - -1) - -30) + -5.
15
Calculate -5 - -21 - ((-7 - -6) + -2).
19
Calculate 13 - -4 - (12 + 0).
5
Calculate -1 - 19 - (-40 + 28).
-8
Calculate 3 + 0 - (-14 + -10 + 16).
11
Calculate (-22 - -10) + (-3 - -25) + -31.
-21
Evaluate 2 + -12 + 4 + (7 - (-6 + 18)).
-11
Calculate 20 + -13 - (6 + 5) - 13.
-17
What is 8 - (-12 + 0 + 30) - -2?
-8
(-10 - ((7 - 12) + -4)) + 11
10
Calculate -22 + (-4 - (14 - (-7 + 7))) + 6.
-34
Evaluate (32 - -3 - 12) + (-7 - 1).
15
Calculate -3 + (15 - (-1 - (-9 + 4))) + -9.
-1
What is the value of -11 - 0 - (-56 + 29 + 15)?
1
7185 + -7192 + (-1 - (1 + (1 - 6)))
-4
What is -60 - -57 - (-4 - -9)?
-8
What is the value of 3 - -4 - 13 - ((-7 - -13) + -7)?
-5
Evaluate (0 - 4) + -2 - (-3 - (4 - 5)).
-4
Calculate 38 + 2 + -23 - 45.
-28
Calculate (-11 - 9 - 7) + 11.
-16
What is the value of 12 + -2 + -34 + 4 - -11?
-9
What is 5 - ((-3 + -1 - -13) + (-7 - 1))?
4
-1 + 4 + -13 + 2 + (62 - 37)
17
Calculate 6 + 2 + -5 + 2 + 21 + -26.
0
Evaluate (2 - -12) + 93 + -88.
19
What is (5 - (8 + -11 - -7)) + (-9 - -13)?
5
What is ((-5 - 1) + 10 + -12 - -27) + -3?
16
Calculate (1 - 0) + (2 - (7 + 2 + -12)).
6
Calculate -17 - (-29 - (11 + 11 + -9)).
25
12 - (-13 - -10) - 11
4
What is 2 + (-26 - (-21 + -18))?
15
Evaluate -9 - -70 - (114 - 85).
32
What is (5 - 0) + -11 + (-15 - -27 - 15)?
-9
What is (-14 - 3) + 11 - (3 + 2)?
-11
29 + -4 + -1 + (3 - 17)
10
-3 + -31 - (-90 - -76)
-20
Calculate 2 - ((-45 - -10) + 16).
21
What is the value of 13 + 42 + -62 + -24?
-31
What is the value of 12 + (-16 - (-6 - -16))?
-14
Calculate -5 - 11 - (0 + -11) - -14.
9
24 - 20 - (-18 - (-2 - -2 - -1))
23
7 + 32 + -33 + 1 + -5
2
Calculate (8 - 8 - -11) + (-28 - (16 - 26)).
-7
What is the value of 0 - (25 + -24 - -13)?
-14
27 + -8 + -19 + (-1 - (2 - -26))
-29
Calculate (-1 + -1 - (5 + -1)) + (-1 - 4).
-11
What is (0 - -9) + -2 + -4 + 16 - -3?
22
(11 + 14 + -27 - -19) + -2
15
Calculate 17 - (-8 + -13 + 6).
32
Calculate 0 - -3 - -2 - 8 - -9.
6
What is the value of 36 - 12 - (18 - 30)?
36
17 + -16 + 8 - 4
5
Calculate (-8 - (12 - 9)) + 4 + 3.
-4
What is the value of 0 + (0 - 8) + (-77 - -84) - -2?
1
Calculate 16 + -1 + 5 + (-5 - 3).
12
What is the value of -22 + (8 + 4 - 1)?
-11
What is -10 + (2 - (19 + -15))?
-12
Calculate (1 + 4 - (160 + -148)) + -5.
-12
What is (3 + -22 - -20) + -23?
-22
Calculate 27 + (-8 - 13) + -6 + 1.
1
What is -3 - (-5 - (19 + -16))?
5
What is 2 + (14 - 1) + -83 + 31 + 47?
10
-19 + 6 + -8 - -13
-8
Calculate 202 + -222 + 2 + 23.
5
What is -4 + 46 + (8 + -12 - 10)?
28
What is ((-5 - (-4 + -6)) + -5 - 6) + 2?
-4
Evaluate -17 + 0 + 3 - (-4 + 5).
-15
What is the value of 27 + (-28 - -10) + -41?
-32
Calculate -1 + -31 - (-40 + 37 + -7).
-22
What is -7 + -10 + (23 - 9) + -2?
-5
Evaluate 12 + -7 + (-10 - -2) + 83 + -72.
8
What is 8 + (2 - -1) + 18 + -18?
11
Calculate (-14 - -1) + (-126 + 82 - -52).
-5
Calculate 25 - (-36 - -34) - 6.
21
Evaluate (-2 + -2 - 0) + 9 + 4.
9
-10 + 4 - 12 - (-8 - -14) - -4
-20
Calculate 1 + -9 + -4 + (61 - 36).
13
Evaluate 36 + (2 - -8 - (17 - 0)).
29
Evaluate (1 - (15 + -3 + -9)) + (0 - 0).
-2
Calculate (-17 - (-9 - 11)) + -2 + -3.
-2
Calculate -19 + 34 + -28 + -16.
-29
9 + -1 + 10 - (1 - 11 - -15)
13
What is the value of -11 + 0 + 1 + (-186 - -131) + 89?
24
What is (3 - ((7 + 5 - 3) + -11)) + -7?
-2
Evaluate 0 + (35 - (49 + -33)).
19
(0 - 0) + 9 + 1 + (3 - 16)
-3
-7 + (-22 - -30 - (-4 + 7)) + 31
29
What is (0 - 5) + (-16 + 9 - -18)?
6
What is 28 + (-5 - 2) + (-42 - -28)?
7
What is the value of -25 + (39 - (9 + -29))?
34
Calculate (-8 - 3) + 15 + 0 + (5 - 3).
6
Calculate -3 + 21 - (-12 - -13).
17
What is the value of 12 - (-26 - -35 - (-6 - (-14 + 0)))?
11
What is -30 + (10 - (0 + 4 - (12 - 9)))?
-21
Evaluate -6 - (-3 - 8 - (-16 - -22)).
11
0 - 1 - (2 - (-23 + 30))
4
Calculate 4 + 3 - ((5 - 4) + 5 + 0).
1
Calculate -1 - 0 - ((-35 - -20) + 16) - 7.
-9
Evaluate ((-3 - -1) + -6 - -12) + 7.
11
Evaluate (0 + -6 - -7) + 6 + -3 + -12.
-8
Evaluate -40 + -19 + 27 + 14.
-18
What is -34 + (-14 - -2) + 28 + -9?
-27
62 - 53 - (8 + -1)
2
What is the value of (-53 + 45 - (-7 + -2)) + -18?
-17
Evaluate 34 - (5 - -39) - (0 + 0 + 19).
-29
What is the value of 5 + 3 + 7 + -10 + (13 - 5)?
13
What is (7 + -3 - 2 - (-16 - -28)) + 8?
-2
3 - -2 - (-2 - (-1 + -13) - 6)
-1
Calculate 2 + -4 - 8 - (-519 + 527).
-18
Evaluate (-14 - -16 - (-1 - 1) - -7) + -2.
9
Calculate -14 - (-14 + (3 - -4)).
-7
1 - -3 - (17 - 3 - 7 - -4)
-7
What is -19 - (-15 + (12 - 13))?
-3
-10 - (4 - (-3 - 1 - (-4 - 1)))
-13
Evaluate -1 + 13 + -41 + 38.
9
What is the value of 2 - (1 - -4) - (5 + -8 - -8)?
-8
Calculate (19 - 0 - (-186 + 233)) + 0 + 9.
-19
Evaluate (14 + 0 - (8 + 5 + -8)) + 2.
11
What is -5 + (-11 - 10 - -32)?
6
What is 26 + 5 + -19 + -3 + -2 + 0?
7
What is the value of (2 - 10) + (8 + -5 + 8 - 6)?
-3
-1 + 3 - 9 - (-64 + 73)
-16
Calculate (15 - 3) + (-21 - (6 + 16)) + 4.
-27
What is the value of -2 + -1 + 3 + -39 + 71?
32
Evaluate 2 + -4 + 3 - (17 - (-19 - -6)).
-29
What is the value of 23 - (-16 - (-5 + -31))?
3
What is the value of -8 - (-8 + 8) - -12?
4
38 + (-26 - (9 - 23 - 0))
26
Evaluate 15 - (19 - (-4 + 21)).
13
What is the value of (-11 - 16) + 16 - -36?
25
Calculate -14 - (13 + -10 - 6).
-11
Evaluate -1 + -21 + 615 + -574.
19
-71 + 96 + -35 - ((1 - 3) + 1)
-9
Evaluate (8 - (-9 + -2 + 9)) + -14 - -18.
14
What is the value of 14 + -13 +